 Suppose l*r = 2*b - 9, -2*r - 5*b = r - 12. Let x(p) = 4*p**2 - 2*p - 1. Determine x(r).
5
Let u(w) = 4*w - 4. Let z = -272 + 267. What is u(z)?
-24
Suppose -4*o + 2*o = -4. Let j(g) = -g**2 - o*g + 6*g - 6*g - 4. Calculate j(-4).
-12
Let w(g) = 6*g**2 + 2*g - 2 - 6*g + g**3 - 4*g. Let p = -684 - -677. Calculate w(p).
5
Suppose -5*k = -4 - 1. Let z(o) = -1 - k - 6*o + 0. Let n(v) = v**2 + v - 2. Let y be n(0). What is z(y)?
10
Let w(i) = -14*i**2 - i + 9. Let y(o) = 72*o**2 + 4*o - 49. Let n(r) = -11*w(r) - 2*y(r). Give n(1).
12
Suppose 1 = x + 3. Let f(p) = 2*p**2 + 3*p**3 + 59*p - 25*p - 33*p - 1. Give f(x).
-19
Let f(x) = -5*x**2 + 5*x - 7. Let m(y) = y**2 - y. Let z = -5 - -6. Let s = -9 + 13. Let g(h) = s*m(h) + z*f(h). Calculate g(0).
-7
Let h be 4*((-4)/2)/2. Let i = h + 4. Suppose i*a = 2*a + 8. Let j(v) = -v - 3. Give j(a).
1
Let f(i) = 2*i - 6. Let w(m) = -4*m + 12. Let a(l) = -7*f(l) - 3*w(l). Let z(q) = -7*q**2 - 57*q - 4. Let c be z(-8). Give a(c).
-2
Let q(y) be the third derivative of y**6/120 + 7*y**5/30 - y**4/24 + 4*y**3/3 + 338*y**2. Determine q(-14).
22
Let x(f) be the second derivative of -f**4/12 - f**3/2 + 3*f. Suppose 4*k + 80 = 2*g, g + 120 = 4*g - 3*k. Let a be g/(-5)*2/4. Determine x(a).
-4
Let k(d) = -7*d - 4. Let u be k(-1). Let p(v) = 929 - 930 + u*v - 10*v. Determine p(-1).
6
Let y(x) = -x**2 + 10*x - 11. Suppose -4*b - 32 = -8*b + 3*g, -3*b + 24 = -3*g. Give y(b).
5
Let u(q) = 7 - 3 + 9 - 2 - 5 - 3*q. Determine u(4).
-6
Let g = 34 + -28. Let i(c) = 7*c**2 - 7*c + 14. Let z(v) = -6*v**2 + 6*v - 13. Let b(x) = g*z(x) + 5*i(x). Give b(0).
-8
Let u(t) be the second derivative of t**4/12 - t**3 - 5*t**2/2 + 5*t + 8. Give u(6).
-5
Let v = -155 - -166. Let f(l) = l**2 - 11*l + 2. Give f(v).
2
Let k(h) = -h**3 + 11*h**2 + 17. Let a(i) = -i**3 + 2*i**2 - 2*i + 1. Let g(w) = -2*a(w) + k(w). Give g(-7).
-13
Let b(p) = p**2 + 7*p - 3. Let o = -28 - -43. Let k be (9/(-12))/(2/56). Let g = k + o. Give b(g).
-9
Let c(i) be the first derivative of -7/3*i**3 + 1/4*i**4 + 8*i + 5/2*i**2 + 11. Determine c(6).
2
Let j(n) = 14*n - 11. Let l = -17 - -26. Let q(p) = -7*p + 5. Let m(v) = l*q(v) + 4*j(v). Suppose -10*b - 3 = -13*b. What is m(b)?
-6
Let w(p) be the second derivative of -p**4/4 + 10*p**3/3 - 10*p**2 + 6*p - 14. Give w(5).
5
Let g(u) be the second derivative of -32*u**3/3 + u**2/2 + 99*u. Calculate g(-1).
65
Suppose -3*o = 3*a + 2*o - 24, 3*a = 3*o. Let m(u) be the third derivative of -u**6/120 + u**5/30 + u**4/24 + u**3/3 + u**2. Determine m(a).
-4
Let u(d) = d**3 + 2*d**2 - 4*d - 3. Let f(r) = r**3 + 4*r**2 + 2*r - 7. Suppose 8 = -4*a, -10 = 2*v + a + a. Let j be f(v). Determine u(j).
-19
Let h be (-440)/(-242) + (-2)/(-11). Let l(y) = -6*y - 3*y**2 - 1 + h*y**2 - 2. What is l(-5)?
2
Let h(a) = -a**2 + 3. Let b(v) = 4 + 2*v**2 - 5*v - v**2 - 1. Suppose -9*w = -7*w - 4. Let g be b(w). What is h(g)?
-6
Let l(s) = -3*s. Let a(z) = -1 + 2 + 5 + 2*z + 1. Let k be a(-5). Let m(j) = -j - 5. Let q be m(k). Calculate l(q).
6
Let v(f) = 2 - 2 - 10 - 8 + 2*f - 9. Calculate v(14).
1
Suppose 0 = 56*v + 10*v - 198. Let m(d) = -d**3 + 2*d**2 + 4*d + 3. Give m(v).
6
Suppose 0 = 4*z - j + 41, j + 10 + 4 = -z. Let y = 5 + z. Let l = -9 - y. Let b(h) = -h + 1. What is b(l)?
4
Let v(d) = -d**2 + 6*d + 3. Let z = -17 + 21. Suppose z = -4*g + 5*g. Suppose 4*h + 33 = 3*r, 2*h = -g*r - 0*h + 22. Give v(r).
-4
Let y(b) = 4*b**3 - 6*b**2 - 10*b + 4. Let k(o) = -3*o**3 + 5*o**2 + 8*o - 4. Let v(c) = 3*k(c) + 2*y(c). What is v(4)?
-4
Let h(p) = -9*p - 81. Let o(t) = t + 10. Let m(l) = -4*h(l) - 33*o(l). Let u be m(-3). Let x = u + 18. Let a(b) = 3*b - 4. Determine a(x).
5
Suppose i = b + 29, -5*i + 4*b + 188 = 44. Let u(q) = 15*q + 14*q - i*q. Let h be (-240)/(-36) - (-4)/(-6). Determine u(h).
6
Let y(x) = -x**3 + x**2 + x + 2. Let b = 5 - 3. Suppose 0*o = -5*a + o - 2, -b*a + 4*o - 8 = 0. Suppose 3*i + 1 - 7 = a. Determine y(i).
0
Let y be (3/6)/((-2)/(-32)). Let q(n) = -9*n + 6 + y + 2*n**2 - 2*n - 3*n**2. Let w be q(-12). Let x(z) = z**3 - 4*z**2 + 2*z + 2. Determine x(w).
-2
Let k(f) = 8*f - 2. Suppose 10 = -3*j + 25. Give k(j).
38
Let i(j) = 1029*j**2 - 497*j**2 - 531*j**2 - 5*j + 4. Let n be (4/2)/((-4)/(-10)). Calculate i(n).
4
Let p(u) = 5*u + 352*u**2 + 358*u**2 - 709*u**2 + 14. What is p(-7)?
28
Let w(t) = -t - 13. Let k(y) = 1. Let g(a) = 22*k(a) + 2*w(a). Suppose 64*o = 31*o + 31*o + 10. Calculate g(o).
-14
Let z(w) = -w - 1. Suppose 11*h = 10*h + 1. Let v(n) = -n**2 + n + 3. Let l(a) = h*v(a) - z(a). Determine l(4).
-4
Let c = 4 - -1. Let h(y) be the third derivative of y**6/360 - y**5/15 + 7*y**4/24 - 8*y**3/3 + 4*y**2. Let p(z) be the first derivative of h(z). Give p(c).
-8
Let d(u) = -u**2 + 8*u - 2. Let t be 110/15 + 40/15. Calculate d(t).
-22
Let j(r) = -r + 4. Let m = 16 + -13. Suppose -m*d = 15 - 3. Determine j(d).
8
Let n(q) = -2*q - 11. Let m(d) = -2*d - 10. Let o(v) = 7*m(v) - 6*n(v). Let r be ((-2)/(-3))/(7/357). Suppose 32*w - r*w = 6. Give o(w).
2
Let i(h) = -5*h - 6. Suppose 0 = 5*k + 3*n - 76, 0*k + 3*n = 4*k - 50. Suppose k*u = 17*u + 12. Give i(u).
14
Let u = 139 - 129. Let a(t) = -2*t + 22. Give a(u).
2
Let a(t) = 6*t + 23. Suppose -n - 46 = -43, -q + 4*n + 8 = 0. Determine a(q).
-1
Let m(c) = -c - 1. Let a(p) = 3*p + 2. Let k(d) = -2*a(d) - 5*m(d). Let l = 101 - 96. Suppose 0*v - l = v - 2*y, -4*y + 8 = -4*v. Give k(v).
0
Let z be 462/28 - (1/(-2) + 2). Suppose 19*p + 4 = z*p. Let y(o) = -10*o**3 - 2*o**2 - o. Give y(p).
9
Let b(f) be the third derivative of f**6/120 - 7*f**5/60 + f**3/6 - f**2 + 14. Calculate b(7).
1
Suppose 8*b - 13*b + n = -33, -b - n + 9 = 0. Let v(x) = -x**2 + 10*x - 7. Determine v(b).
14
Suppose 2*a = -0*a + 12. Let n(w) = 4*w + 2. Let t be n(a). Let c(q) = -2*q - t + q + 22. Determine c(-2).
-2
Let v(d) = d. Let y(a) be the third derivative of a**4/3 - 5*a**3/6 + 4*a**2. Let h(p) = -6*v(p) + y(p). Calculate h(5).
5
Let q(n) = 2*n**2 + 4*n - 3. Let p(b) = 2 - 4*b - 2*b**2 + 1 - b**2. Suppose 0*o + o + 4 = 0. Let l(i) = o*p(i) - 5*q(i). Determine l(3).
9
Let t be (-14)/7*38/(-4). Let z(u) = -t*u + 37*u - 13*u + 3 + u**2. Let f be (0 + -2)/((-2)/(-5)). Give z(f).
3
Let i(v) = v**2 + 8*v + 9. Let x be i(-6). Let z(d) = 0*d + 17 - 14 + d + 2*d. Give z(x).
-6
Suppose -h + 4 = -1. Let z(l) = -1 + h*l - 4*l + l. Determine z(1).
1
Let v(a) = a**2 - 5*a + 1. Suppose 352 = -h + 356. Determine v(h).
-3
Let p(v) = -v**3 + 4*v**2 + v + 5. Let m(w) = w**2 + 11*w - 8. Suppose o + 24 = 4*n, 0*o - 33 = 4*o + 5*n. Let j be m(o). What is p(j)?
9
Let g(a) = a**2. Let u(w) = -5 - 4 - 5*w + 11 + 2*w**2 - 5. Let l(c) = -g(c) + u(c). Give l(4).
-7
Let v(t) = t**3 - 5*t**2 + t + 4. Let g = -91 + 46. Let h = g - -50. Give v(h).
9
Let u(t) = 2*t**2 + 2*t - 2. Suppose 10 = -p - 2*f + 6*f, 4*p - 3*f = -1. Determine u(p).
10
Let q = -42 - -43. Let k(j) = -6*j**3 + j**3 - j - q + 4*j**3 + 2*j**2 + 2*j**3. Determine k(-3).
-7
Suppose 5*n = 2*n - 12. Let b(x) = 2*x - 5. Let y(i) = -3*i + 6. Let k(g) = 4*b(g) + 3*y(g). What is k(n)?
2
Let r(p) = p**2 - 8*p + 5. Let i be -3 + 6 + (-4)/4*-5. Determine r(i).
5
Suppose 0 = 4*b - 2*i + 14, 5*i + 7 = -5*b + 4*i. Let n(f) be the third derivative of 7*f**4/24 + f**3/6 + 203*f**2. What is n(b)?
-13
Let x(l) be the first derivative of l**4/4 - l**2/2 - 20. What is x(1)?
0
Let s(y) be the first derivative of 5*y**3/3 + 2*y**2 + 3*y - 83. Determine s(-2).
15
Let y(c) be the first derivative of c**4/4 + 7*c**3/3 - 7*c**2/2 + 35. Calculate y(-8).
-8
Let p(o) = o**3 + 8*o**2 + 7*o + 3. Let z be (-17 - -11) + (-3)/3. What is p(z)?
3
Let w(g) = -3*g + g**3 + 4*g**2 - g + 5*g - 5 - 8*g**2. Let a be 1*-1 + -2 + 7. Give w(a).
-1
Let z(m) = -5 + 10 + m**2 - 6 + m - 2*m. Let w(k) = k**3 + 3*k**2 + 7*k + 8. Let g(n) = w(n) + 2*z(n). Give g(-4).
2
Let j be (3 - 1) + (-12)/2. Let i(w) = 2*w + 1. Let z be i(j). Let y(u) = -4*u - 10. Give y(z).
18
Suppose -11*j + 56 = -21. Let n(i) = i**3 - 6*i**2 - 6*i + 5. Calculate n(j).
12
Let j(n) = n**2 + n + 2. Let w(x) = -x**2 + 19*x - 23. Let y be w(18). Let q(o) = o**2 + 6*o + 3. Let r be q(y). Calculate j(r).
4
Let w(p) = -p**2 - 11*p - 22. Let a be -3 + (49/(-35) - (-52)/(-20)). Calculate w(a).
6
Let p(x) = -x**3 + 10*x**2 - 11*x + 14. Let r be p(9). Le